*o - 51. Let b(g) = -6*f(g) + 17*v(g). Determine b(r).
-1
Let n(m) = 2*m + 6. Let a(g) = 2*g - 3 - g**2 + g - 2. Let c be 210/25 + -6 + 6/10. Let b be a(c). Determine n(b).
-4
Let l = -8 + 9. Let w be 6/12*(l + -3). Let f be (w - 2)*1/3. Let r(a) = 3*a**3 - 2*a**2 - 2*a - 1. Calculate r(f).
-4
Let j(q) = q**3 - 7*q**2 + 6*q - 6. Suppose -3*x + 2*c + 16 = 0, c - 2 + 7 = x. Let p be j(x). Let z = p - -6. Let w(l) = l - 2. Determine w(z).
-2
Let h(r) = 6*r + 1374 - 680 - r**2 - 689. Calculate h(8).
-11
Let q be (0/2 - -1)*1 + -10. Let y(a) be the third derivative of a**4/24 + 2*a**3/3 + 5*a**2. Let x(h) = -h - 3. Let p(b) = -6*x(b) - 7*y(b). What is p(q)?
-1
Let y(q) = 8*q**3 - q**2 + 4*q - 2. Let l be y(1). Suppose 0 = -4*c - 3*o - l, -2*c + o + 8 = 15. Let b(a) = 2*a**2 + a - 4. Determine b(c).
11
Let g = 6 + 0. Let k(s) be the first derivative of s**3/3 - 4*s**2 - 3*s - 56. Determine k(g).
-15
Let l(o) = 3*o + 3*o + 48 + 41 - 98. What is l(-7)?
-51
Let u(o) = o - 3. Let a(t) = -2. Let c(y) = 2*a(y) - 2*u(y). Suppose -s - 2 = -4*i, -i + 1 - 3 = s. Determine c(s).
6
Let z(o) = o + 5. Let p(u) = -u - 6. Let l(n) = -4*p(n) - 5*z(n). Determine l(1).
-2
Let u = 105 - 112. Let j(c) = -c**2 - 12*c - 5. Calculate j(u).
30
Suppose 0*q + 5*q + 3*a - 34 = 0, 5*q - a - 22 = 0. Let y(w) = 14*w - 12*w - 6*w - 1 - 2. Determine y(q).
-23
Let w(i) = -i**3 + 5*i**2 + 7*i - 7. Let x(g) = 7*g - 5. Let r be x(2). Let z(o) = -o**2 + 12*o - 21. Let q be z(r). What is w(q)?
-1
Suppose 21 = 12*y - 11*y. Suppose 7*a + y + 21 = 0. Let h(p) = -p**2 - 6*p - 7. What is h(a)?
-7
Let z(p) = -p**3 + 8*p**2 - 7*p + 6. Let o be -43 + (-4)/(-12)*9. Let q = 47 + o. What is z(q)?
6
Let l(p) = -4*p**2 - 4 + 132*p - 129*p + 3*p**2. Suppose 0 = -2*r + 3*r + 5, -26 = -2*z + 4*r. Calculate l(z).
-4
Suppose -k = -3*k - 6. Let j(l) = -3*l - 4. What is j(k)?
5
Suppose 4*c - 2*c - 3*d = 17, 0 = -3*c - 2*d + 32. Suppose -7*g + 6 = -c*g. Let m(y) = y**3 - 2*y - 2. Determine m(g).
-6
Let b(v) = v**3 + v**2 + 16*v + 32. Let g be b(-2). Let i(k) be the third derivative of k**4/8 + k**3/3 + 3*k**2. Calculate i(g).
-10
Let q(h) = -h**3 - 545*h - 5*h**2 + 0*h**2 + 30 - 2*h**2 + 566*h. Give q(-9).
3
Let k be -4 - 9/(18/(-16)). Let b(a) = -3 + 3*a**2 - k*a**2 + 10*a - 2*a. Determine b(6).
9
Let u = 24 + -24. Suppose 8*k = -u*k - 48. Let c(b) = -b**3 - 5*b**2 + 7*b + 9. Give c(k).
3
Let i(v) = v**3 - 6*v**2 - 2*v + 3. Let m = 123 + -123. Suppose 3*q = 2*q + 4. Suppose -8*j = -4*u - q*j + 4, m = u + 2*j - 16. Give i(u).
-9
Let j be 1/(-3)*-3*-2. Let q(b) = -7 + 6 - 2*b**2 - 2*b + 3*b**2. Calculate q(j).
7
Let f(t) = -3*t**3 - 10*t**2 - 7*t - 10. Let s = -26 + 31. Let o(j) = -j**3 - 5*j**2 - 4*j - 5. Let r(b) = s*o(b) - 2*f(b). Determine r(6).
-5
Let q be 2 + ((-72)/3)/4. Let m(w) = -6 - w**2 - 9*w - 3*w + 3*w + 2*w. Give m(q).
6
Let r = 102 + -92. Let v(n) = n**3 - 11*n**2 + 12*n + 1. Calculate v(r).
21
Let z(d) = -50*d + 15 - 48*d - 41*d - 49*d + 187*d - d**2. Determine z(0).
15
Let q = 18 - 10. Let a be (-24)/16*q/(-3). Let o(l) = 0*l**2 - 3 - 4 + l**2 + a*l. What is o(-5)?
-2
Let m(l) = -l**3 + 2. Let y(k) = -6*k**3 - 2*k**2 + 7*k**3 + 2 - 4*k + 5*k**2 - 6*k**2. Let q be y(4). Determine m(q).
-6
Suppose k - 2 = 3*a, 4*a - 66 + 50 = 0. Suppose 4*r - 2*h - 13 = -29, 0 = 4*h - 16. Let u be (-7)/k - 1/r. Let d(g) = -g**2 + g - 2. Calculate d(u).
-2
Let o(c) be the first derivative of 11*c**2/2 + 9*c + 22. Calculate o(-2).
-13
Suppose -3*n + 26 = -5*i, 2*i = 2*n - 10 + 2. Let s(t) be the first derivative of t**3/3 + 5*t**2/2 - 7*t + 161. Give s(i).
7
Let o(m) = -m**2 - 21*m + 48. Let s = 217 - 240. Calculate o(s).
2
Suppose -2*n + 145 = 3*n. Let h be n/7 + (-7)/49. Suppose 2*g - 3 - 7 = h*x, 4 = -3*x - 2*g. Let w(s) = -2*s**2 - 4*s - 2. Give w(x).
-2
Let i(k) = -k**3 - 5*k**2 - 2*k. Let n(o) = 2*o**2 + o. Let b be (((-35)/2)/7)/((-1)/(-2)). Let u(g) = b*n(g) - 2*i(g). Determine u(-1).
-1
Let k = -77 + 85. Let t(l) = 2*l - 3. Calculate t(k).
13
Let w(l) = l**2 + 8*l + 4. Suppose 5*u - 2*j + 55 = 0, -4*u + 0*j - 67 = 3*j. Let y = u + 5. Let i be w(y). Let a(d) = d**3 - 3*d**2 - 2*d - 3. What is a(i)?
5
Suppose 3 = 3*d + 3*j, 13*j + 14 = -4*d + 15*j. Let i(k) = -k**3 + k**2 + k - 3. What is i(d)?
7
Let q be -3*(2 - 1)*-1. Suppose 0*r - r = 5*s + 6, q*s = -3*r + 6. Let w = r + -10. Let m(k) = -k - 10. Calculate m(w).
-4
Let p(j) = -j + 4. Let q(w) = -1. Let f(v) = -v + 2. Let x be f(-4). Let k = 0 - x. Let o(a) = k*q(a) - 2*p(a). Give o(3).
4
Let g(w) = w**2 - 6*w + 20. Suppose 0 = -72*i + 90*i - 108. Determine g(i).
20
Let v(d) be the second derivative of 3*d**5/5 + 10*d - 3. Calculate v(-1).
-12
Let n(o) = -o**2 + 9*o + 2. Let b(w) = 3 - 2 - 5*w + 4*w. Let j(i) = 2*i - 2. Let p(q) = -9*b(q) - 4*j(q). Let s(z) = -n(z) + 5*p(z). Give s(6).
5
Suppose -4*z = -2*t + 20, 0 = 3*t - t - 2*z - 12. Let j(c) = -3 + 24*c**2 + c**3 - 18*c**t + 6 - 5*c. What is j(-7)?
-11
Let z be (6/4)/((-24)/(-32)). Suppose 2*p - 18 = -x + 7*p, 2*p - 9 = -5*x. Suppose x*m + 3*c = 9, -4*m + 4*c = -22 + z. Let d(f) = f**2 - 5*f + 1. What is d(m)?
-3
Let y(q) = -2*q + 2*q**2 + q**2 + 5*q**2 - 3*q**2 - q**3. Let p(z) = z**2 - 2*z - 1. Let j = 25 - 26. Let d be p(j). Calculate y(d).
8
Let z(g) = g - 8. Let a(i) = 3*i - 25. Let s = 11 + -4. Let r(c) = s*z(c) - 2*a(c). What is r(-5)?
-11
Let y(r) = r**2 - 7*r. Let z(w) = w**2 - 14*w + 18. Let a be z(13). Let i be a/(0/2 - -1). What is y(i)?
-10
Let f = 14 + -11. Suppose 0 = f*h + 2*w + 1, w = -2*h + 4*w + 8. Let p(v) = -2 - v + h - 3. Calculate p(-6).
2
Let p(d) be the second derivative of -d**4/12 + d**3/6 + d**2/2 - 244*d. Calculate p(4).
-11
Let t(l) = -l**2 + 10*l + 1. Suppose 40*m + 7*m = 423. Calculate t(m).
10
Let u = 23 - 19. Suppose 0 = 5*t - 5 - 5. Let x = t + u. Let f(y) = -y + 3. Calculate f(x).
-3
Suppose 5*k + 3*a = 9, 9 + 6 = 3*k - 3*a. Suppose 0*o = -3*s - k*o + 3, -5*s + 35 = -5*o. Let t(x) = x**2 - 5*x + 2. Calculate t(s).
-2
Let k(d) = -d**2 - 2*d - 1. Suppose 76*h + 15 = 73*h. Calculate k(h).
-16
Let c(p) = -p**2 + 4*p - 6. Let i(v) = -6*v**2 - 31 + 19*v - v**2 + 2*v**2 + 0*v**2. Let t(a) = 11*c(a) - 2*i(a). Give t(6).
-4
Let q be ((-11)/((-440)/96))/(2/5). Let p(h) = -h - 4. What is p(q)?
-10
Let z(f) = -f**2 - 7*f - 1. Suppose -8*b - 31 = 9. Give z(b).
9
Suppose -s + 2 - 1 = 0. Let c(h) = -5*h - 5. Let n(l) = 11 - 8 - 2. Let y(g) = -c(g) - 4*n(g). Give y(s).
6
Let g be 2*(-10)/8*-2. Suppose -4*y = -z + 10, -2*z + g*y = 6*y + 7. Let d(r) = 2*r - 11*r - 16 - 6 + 19. Calculate d(z).
15
Let h(f) = 177 - 64 - 56 - 3*f - 61. Determine h(4).
-16
Let w(d) = d**3 - 14*d**2 + 13*d + 8. Let g be w(13). Suppose -2*m - 5*k - 2 = 0, -m + 3*k = -g - 2. Let h(c) = c**2 - 2*c - 1. Determine h(m).
7
Let q(g) be the first derivative of 5*g**3/3 + g**2 - 2*g + 257. Calculate q(1).
5
Let i(v) = 12*v**2 + v. Let q be -7*3/15 + 174/435. What is i(q)?
11
Let k(d) = -3*d - 3 + 2*d**3 - 2*d**3 - d**3 - 3*d**2. Let y be (-10)/(2 + -5 - -2). Let s be 24/(-10) + 4/y. Calculate k(s).
-1
Let s(y) = -16*y + 12 - 10*y**2 + 14*y**2 + 9*y**2. Suppose 0*p - 11 = p. Let l(a) = -7*a**2 + 8*a - 6. Let n(i) = p*l(i) - 6*s(i). Determine n(6).
6
Let g(l) = -l + 11. Let f be g(9). Let r(o) = -3*o + f + 5*o + o. Let m(c) = -2*c + 3. Let x be m(3). What is r(x)?
-7
Let v(u) = 1885*u**2 + 2 - 1886*u**2 - 3*u - 5. What is v(-2)?
-1
Let b(m) = 2*m**2 - 4*m - 14. Let w(x) = x**3 + 12*x**2 - 45*x + 4. Let s be w(3). Determine b(s).
2
Let n(h) = h**2 - h - 1. Suppose 399*u + 28 = 406*u. What is n(u)?
11
Let h(p) = p + 1. Let z(i) = 3*i + 2. Suppose 52 = 5*l - w, 2*l - w = 7 + 12. Let x(u) = l*h(u) - 4*z(u). What is x(0)?
3
Let l(r) = r**3 + 5*r**2 + 4*r - 1. Suppose -126 = -0*n - 9*n. Let w be n/(-14)*3/1. What is l(w)?
5
Let d(a) = a - 3. Let j(b) = -b - 17. Let m(v) = -2*v - 33. Let c(w) = 11*j(w) - 6*m(w). Let u be c(-7). Determine d(u).
1
Let s = -695/6 - -116. Let m(g) be the second derivative of 0 + 1/2*g**2 - 6*g - s*g**4 + 0*g**3 - 1/10*g**5. Calculate m(1).
-3
Suppose -3*s - 17 = 22. Let l = -14 - s. Let a(b) = -7*b - 1. Calculate a(l).
6
Let x(z) = 0*z**2 + 102 + 5*z - 9*z + 6*z**2 - 4*z**2 - 3*z**2. Calculate x(8).
6
Let s(j) = j**2 - 3*j + 2. Let g = -278 - -282. Determine s(g).
6
Let i(a) = a**3 - 6*a*